p(x) = -9*x + 2. Let j be p(-6). Suppose 5*f - f - j = 0. Let k = -13307 - -13349. What is the greatest common factor of f and k?
14
Let c be (3 - -3)/((-22)/(-1221)). Calculate the highest common divisor of 477 and c.
9
Let v(j) = 351*j + 53. Let h be v(-2). Let b = h - -820. Calculate the highest common divisor of b and 95.
19
Let w be 1/((-14)/530656*-16). Calculate the greatest common divisor of w and 103.
103
Let n(v) = -v**3 + 9*v**2 - 10*v + 10. Let h be n(8). Let p = 12 + h. Let t be ((-70)/2)/((-3)/p). What is the greatest common factor of 14 and t?
14
Let n be ((-49)/(-2))/((-847)/(-44) - 19). Calculate the greatest common divisor of 15386 and n.
98
Let k(g) = 11*g + 1. Let s be k(1). Let i(f) = -f**2 + 29*f - 156. Let p be i(s). Calculate the highest common factor of 6 and p.
6
Let l(r) = 4*r**2 - 9*r + 7. Let w be 9 + (93/(-33) - (-8)/(-44)). Let f be (w + 3)*3/9. Let i be l(f). Calculate the highest common divisor of 8 and i.
8
Suppose o = -2*c + 46, 4*c - 65 - 33 = -5*o. Calculate the highest common divisor of 264 and c.
22
Let c be 128/6*(2/((-104)/(-143)) - -7). Calculate the greatest common factor of 3848 and c.
104
Suppose -4*f + 105 - 89 = 0, 2*a + 3*f = 268. What is the highest common divisor of a and 212?
4
Let m(z) = -32 + 2*z + 17*z - 41 + 0*z. Let k be m(7). Calculate the greatest common divisor of k and 84.
12
Let j = -741 - -754. Let o be ((-2)/(-3))/(2/(-390)). Let m be (o/(-6))/((-5)/(-15)). What is the greatest common factor of m and j?
13
Let b = -47 - -49. Suppose -b*h + 285 = -579. Suppose 7*j = 3*j + h. Calculate the highest common divisor of 12 and j.
12
Let m(o) = -9*o - 4 + 22*o - 34 - 13. Let w be m(12). What is the highest common divisor of 140 and w?
35
Suppose -4*c + 1500 = 2*s, -19*c - 750 = -s - 22*c. Calculate the highest common factor of s and 60.
30
Let p be 11/(-55) + 1838/(-10). Let q = p - -200. Calculate the highest common factor of q and 152.
8
Let g = 5427 + -5419. Calculate the highest common factor of 2936 and g.
8
Let b = -31 - -208. Suppose b = 2*k + 4*o + 37, -3*k + 210 = o. Calculate the greatest common factor of 40 and k.
10
Let h(b) = b**3 + 13*b**2 - 12*b - 57. Let o be h(-13). Suppose -2*p + o = 9*p. What is the highest common divisor of 9 and p?
9
Let s be 238 - 10/(120/(-18))*-2. Let y(d) = 46*d**3 + 2*d**2 - d. Let u be y(1). What is the highest common factor of s and u?
47
Suppose -21*k + 770 = -18*k + 2*u, -5*u - 1300 = -5*k. Calculate the highest common factor of k and 2451.
129
Let b be ((-3 - -3) + -14)*(-4)/(16/94). Calculate the highest common divisor of b and 893.
47
Suppose -4*u + p = -8*u + 27, 0 = -4*u + 5*p + 9. Let m = 424 + -271. Suppose 3*f = 4*v + 13 + m, -4*f + v = -217. What is the highest common factor of u and f?
6
Suppose -5556 = 37*h - 40*h. Suppose h + 2126 = 34*t. What is the greatest common divisor of 18 and t?
9
Suppose -2306*u - 9660 = -2311*u. Calculate the highest common divisor of u and 1748.
92
Let u = -1026 + 1242. Calculate the greatest common factor of 21 and u.
3
Suppose 56*g - 3796 = 12. Calculate the greatest common factor of 340 and g.
68
Let u be (-400)/(-175) - (-8)/(-28). Let t be 1/(2/432*u). What is the greatest common factor of t and 24?
12
Suppose -3*t + 3 = -36. Suppose -b - 4095 = -4173. What is the highest common factor of b and t?
13
Let x be (1/2)/((-3)/1344*-7). Suppose -x*z + 28*z + 40 = 0. Let y(c) = -c**3 + c**2 + c + 60. Let a be y(0). Calculate the greatest common divisor of a and z.
10
Let k(z) = 506*z - 19. Let x be k(5). Calculate the highest common divisor of 372 and x.
93
Suppose 117 = 8*j - 5*j. Let q be (-468)/(-27)*54/24. Calculate the highest common factor of q and j.
39
Let d = -76 - -78. Suppose 4*k = y - 0*y - 90, 2*y - 198 = 2*k. Let m = y + -96. What is the greatest common divisor of m and d?
2
Suppose -217*t + 2218261 = 431*t - 481*t. Calculate the highest common divisor of 37 and t.
37
Let k = 5001 + -4984. What is the greatest common factor of 1921 and k?
17
Let r = -290 + 286. Let u(j) = 48*j + 276. Let x be u(r). What is the highest common divisor of 12 and x?
12
Let s be 0 - -1 - (-1 + -13). Suppose 3*i = 3703 - 736. Let o = i - 884. Calculate the greatest common factor of o and s.
15
Let u = 9007 - 79. Calculate the highest common factor of u and 62.
62
Suppose 7028 = -24*k + 31*k. Let m = -581 + k. What is the greatest common divisor of 9 and m?
9
Let q = -7450 - -7562. What is the highest common factor of q and 91?
7
Let b(n) = n**3 - 8*n**2 + 9*n - 7. Let f = 25 + -16. Let p = f + -2. Let g be b(p). Calculate the highest common factor of 63 and g.
7
Let p = 1645 + -1441. What is the greatest common factor of 680 and p?
68
Let h = 218 - 138. Let w be -4*8*12/30*-5. Calculate the greatest common factor of h and w.
16
Suppose 2322 - 2106 = 9*u. Calculate the highest common divisor of u and 3368.
8
Suppose -12 = -2*n - 3*w, -4*w - w = 2*n - 20. Let m = n - -8. Let r be ((-18)/m)/((-1)/16). What is the highest common factor of r and 12?
12
Let u = 95 + -47. Suppose -r + 3*p = -168 - 300, r - 476 = p. Calculate the highest common divisor of u and r.
48
Let c(v) = -v**3 + 30*v**2 - 27*v - 24. Let u be c(29). What is the highest common factor of 1360 and u?
34
Let p(z) = -z**3 + 13*z**2 - 16*z + 25. Let k be p(10). Suppose -m = -4*m + k. What is the greatest common divisor of m and 5?
5
Let z be 944 + (-60)/(45/3). Calculate the highest common factor of 70 and z.
10
Let i be (0 - -6)*(-2)/(-10)*55. Suppose 68 = -a + i. Let b be ((-22)/(-5))/((-1 - a)/5). What is the highest common divisor of 154 and b?
22
Let y be 10/(-3)*(-376 + -8). Suppose y = -86*j + 88*j. Calculate the greatest common factor of j and 40.
40
Let l(b) = -b**3 + 3*b**2 + 37*b + 10. Let j(k) = k**3 + 2*k**2 - 8*k - 6. Let v be j(-4). Let f be l(v). What is the greatest common factor of 35 and f?
7
Let u(i) = -5*i - 53. Let v be u(-6). Let a be -4*5/(-50) - v/5. Suppose -2*o - y = 0, 0 = -3*o + a*y + 9 + 4. Calculate the highest common divisor of 5 and o.
1
Let c = 3148 - 3128. What is the highest common divisor of 605 and c?
5
Let c(r) = 5*r - 11. Let l be c(6). Let z be 0 - ((l/(-1) - 2) + 3). Suppose z*p = 14*p + 24. Calculate the greatest common divisor of p and 10.
2
Suppose -490 = -9*r + 194. Let b be -38*(8 - 17/2). What is the highest common factor of b and r?
19
Suppose -75*s = -15*s + 1925 - 100925. What is the highest common divisor of 150 and s?
150
Let d be 45/108*-12*(-945 - 0). Calculate the greatest common divisor of d and 875.
175
Let q(r) = -2*r**2 - 11*r - 11. Let w be q(-3). Suppose -k + w*l = -337, -57 + 1460 = 4*k - 5*l. Calculate the highest common divisor of 51 and k.
51
Let y be 1/(((-14)/(-1204))/(-2 + 1)). Let i be 2/7 + 1564/14. Let s = i + y. What is the highest common divisor of s and 286?
26
Let n be (0 - -1)/(1*(-2)/4). Let h be (-9412)/(-26) + (-10)/n. Suppose -h = -c + 5*p, -c + p + 347 = -0*p. Calculate the greatest common divisor of 38 and c.
38
Suppose -3*n + 21 = 0, 5*p - 2231*n + 2236*n - 21770 = 0. Calculate the greatest common factor of p and 322.
161
Let x = 145 + -37. Let i = -518 + 554. Calculate the highest common divisor of i and x.
36
Suppose -3*l + 1761 = -3*h, h + 474 = -l - 107. Let o = -514 - h. What is the highest common divisor of 160 and o?
10
Let m be 1162 - 0/(-7 - -18). Calculate the greatest common divisor of m and 14.
14
Suppose 137*g + 26*g = 5*g + 13904. Let t(k) = 65*k**2 + 2*k - 1. Let p be t(1). What is the greatest common divisor of g and p?
22
Let l = 10214 + -9998. What is the highest common factor of l and 3744?
72
Let j(f) = -40*f. Let s be j(-1). Suppose 36*i - 37*i = -s. Calculate the highest common divisor of i and 70.
10
Suppose -5*s + 1950 = 5*m - 1080, s - 636 = 4*m. Calculate the highest common factor of s and 216.
36
Suppose -153*q + 753 = -57*q - 111. What is the highest common divisor of q and 3357?
9
Suppose 4*u + w = 42, 0 = -9*u - w + 3*w + 69. What is the highest common divisor of 9117 and u?
9
Suppose 4*d + v = 1292, 4*v - 440 + 1068 = 2*d. Calculate the highest common factor of 1242 and d.
46
Let t = 27 + -265. Let c be (408/t)/((-1)/154). What is the highest common factor of c and 176?
88
Suppose 0 = 3*u - 10 + 1, -4*c - u = -83. Suppose c = 2*f - 8. Let